31
Let m(h) = -7*h**2 - 13*h + 3. What is m(-2)?
1
Let y(k) = -28*k - 1. Calculate y(-1).
27
Let k(i) = i**3 - 16*i**2 + 2. Determine k(16).
2
Let s(u) = u**3 - 8*u**2 - 3*u - 4. What is s(9)?
50
Let k(b) = b**3 - 18*b**2 - 38*b - 41. Give k(20).
-1
Let f(o) = -2*o + 4. Determine f(4).
-4
Let q(j) = -j**2 - 6*j. Determine q(-4).
8
Let b(l) = 3*l + 1. Give b(-5).
-14
Let h(l) = -l**3 + 7*l**2 + 3. Give h(5).
53
Let h(w) = -w**3 + w**2 + 2*w + 10. What is h(0)?
10
Let c(z) = -2*z**2 + 19*z - 40. What is c(5)?
5
Let v(o) = -3*o - 11. Give v(-2).
-5
Let j(z) = -z**3 - 2*z**2 - 9*z + 23. Determine j(2).
-11
Let w(a) = -2*a**2 + 10*a + 75. Determine w(9).
3
Let s(j) = j**3 - 2*j**2 - 7*j + 1. What is s(-2)?
-1
Let c(j) = -j - 32. Determine c(-10).
-22
Let k(q) = -5*q - 107. Calculate k(-21).
-2
Let g(n) = -n**2 + 6. Calculate g(7).
-43
Let o(g) = -g**3 - 5*g**2 + 37*g + 15. Give o(-9).
6
Let g(r) = -r**2 + 17*r - 55. What is g(12)?
5
Let p(q) = -4*q**3 - 28*q**2 - 5*q - 31. Determine p(-7).
4
Let d(b) = -4*b - 6. Give d(-7).
22
Let a(r) = 57*r - 117. Calculate a(5).
168
Let r(q) = -q**3 - 9*q**2 - 4*q + 8. Give r(-8).
-24
Let b(j) = -j - 34. What is b(-14)?
-20
Let b(a) = -a**3 + 10*a**2 - 13*a - 29. Determine b(8).
-5
Let i(q) = 5*q + 3. What is i(-6)?
-27
Let v(t) = 8*t**3 + 2*t**2 - t - 2. Give v(-1).
-7
Let x(z) = z**2 - 6*z - 11. Calculate x(6).
-11
Let c(h) = h**3 - 8*h**2 + 5*h + 9. Calculate c(7).
-5
Let u(k) = -k**3 + 22*k**2 - 21*k - 10. What is u(21)?
-10
Let j(a) = -69*a**2 + 4*a - 3. What is j(1)?
-68
Let r(x) = x**3 + 2*x**2 - x - 4. Calculate r(-3).
-10
Let i(m) = m**3 - 6*m**2 + 9*m - 13. Calculate i(5).
7
Let n(w) = 6*w - 56. What is n(12)?
16
Let j(s) = -11*s + 56. Give j(-13).
199
Let a(y) = y**3 - 11*y**2 - 10*y - 25. Determine a(12).
-1
Let o(r) = r**2 - 2*r + 4. What is o(3)?
7
Let v(n) = -2*n**3 + 16*n**2 - 1. Calculate v(8).
-1
Let l(t) = -t**3 - 3*t**2 + 6*t + 3. Determine l(3).
-33
Let k(v) = -8*v. What is k(2)?
-16
Let q(b) = -b**2 + 5*b - 2. What is q(6)?
-8
Let t(j) = -3*j - 28. Calculate t(1).
-31
Let x(i) = 78*i**2 + 74*i + 2. What is x(-1)?
6
Let l(s) = s**3 - 28*s**2 - 30*s + 38. What is l(29)?
9
Let y(k) = 2*k**3 - 14*k**2 - 9*k. Calculate y(7).
-63
Let j(a) = -4*a + 31. Calculate j(7).
3
Let y(o) = -3*o**2 + 3*o + 1. Calculate y(-2).
-17
Let i(l) = 14*l - 137. Give i(7).
-39
Let u(d) = -2*d**2 + 4*d + 6. Calculate u(5).
-24
Let u(w) = -16*w - 17. What is u(2)?
-49
Let i(w) = -2*w**3 - 18*w**2 + 22*w + 15. Calculate i(-10).
-5
Let l(i) = 3*i - 70. What is l(22)?
-4
Let d(a) = a**3 + 9*a**2 - 15*a - 22. Give d(-10).
28
Let m(d) = 4*d**2 + 5*d - 2. Calculate m(-2).
4
Let i(l) = l**2 - 86. Calculate i(9).
-5
Let m(u) = 2*u**2 + 2*u - 1. Give m(-3).
11
Let h(t) = 5*t**2 + t - 11. Determine h(2).
11
Let j(g) = 20*g - 1. Determine j(4).
79
Let w(r) = -r**3 + 27*r**2 - 153*r + 17. Calculate w(19).
-2
Let i(o) = -o**2 - 16*o - 2. Give i(-11).
53
Let o(i) = -65*i - 6. Determine o(-1).
59
Let k(m) = -m**3 - 10*m**2 - 9*m + 8. Determine k(-9).
8
Let y(a) = -a - 9. Determine y(-15).
6
Let n(j) = -j**3 - 2*j**2 + 6*j + 3. Give n(-3).
-6
Let g(x) = -14*x**2 - 101*x - 11. What is g(-7)?
10
Let k(i) = 54*i + 228. Calculate k(-4).
12
Let i(y) = -y**2 + 11*y - 2. Give i(11).
-2
Let o(z) = z**3 - 8*z**2 + 7*z + 9. What is o(7)?
9
Let h(y) = 53*y**2 - y. Give h(1).
52
Let n(f) = -5*f - 8. What is n(-6)?
22
Let m(i) = i**2 + 3*i - 94. What is m(8)?
-6
Let w(m) = -m**2 + 5*m + 7. Calculate w(7).
-7
Let r(d) = d**3 + 8*d**2 - 23*d + 24. Determine r(-11).
-86
Let y(m) = -32*m**3 - m**2 - m. Calculate y(-1).
32
Let x(m) = -m**2 + 13*m + 9. Calculate x(14).
-5
Let a(p) = -16*p**2 + 5*p - 4. Determine a(1).
-15
Let w(a) = -2*a**2 - 37*a - 15. Calculate w(-18).
3
Let k(o) = -o**2 + 8*o + 33. What is k(11)?
0
Let c(p) = -4*p**2 - 259*p + 68. Calculate c(-65).
3
Let j(v) = 6*v + 14. Determine j(-2).
2
Let j(b) = -b**2 - 6*b - 6. Calculate j(-5).
-1
Let q(x) = x**3 - 22*x**2 - 24*x + 15. Give q(23).
-8
Let g(y) = -y - 1. What is g(-9)?
8
Let n(w) = -30*w + 4. What is n(1)?
-26
Let y(k) = -k**3 - 14*k**2 + 3*k - 17. Give y(-14).
-59
Let n(q) = -2*q**3 + 6*q**2 - q + 2. What is n(4)?
-34
Let p(v) = -v**2 + v - 3. Calculate p(-4).
-23
Let v(s) = s**3 - 5*s**2 + s - 7. What is v(5)?
-2
Let a(g) = -g**3 + 5*g**2 + 49*g - 123. Determine a(9).
-6
Let f(a) = a**3 + 8*a**2 + 8*a - 24. Give f(-6).
0
Let u(x) = -x**2 - 6*x - 2. Determine u(-6).
-2
Let s(w) = -w**3 + 14*w**2 - 2*w + 22. Calculate s(14).
-6
Let v(q) = 2*q**3 + 2*q**2 - 5*q + 6. What is v(2)?
20
Let d(n) = -5*n**2 + 41*n - 7. What is d(8)?
1
Let j(k) = k**2 + 12*k + 15. Calculate j(-10).
-5
Let t(f) = -133*f - 127. Calculate t(-1).
6
Let l(o) = 2*o**2 - 15*o + 9. Give l(7).
2
Let g(x) = 18*x - 281. Give g(15).
-11
Let w(s) = 75*s**2. What is w(-1)?
75
Let r(l) = -4*l + 4. Determine r(4).
-12
Let v(c) = -c**2 + c - 46. Determine v(0).
-46
Let o(x) = x**2 + 8*x + 3. What is o(-8)?
3
Let o(m) = 8*m + 24. Give o(-4).
-8
Let b(h) = -h**2 + 3*h - 13. Determine b(7).
-41
Let n(m) = -3*m**2 - 149*m - 93. What is n(-49)?
5
Let q(j) = j**2 + 40*j + 144. What is q(-36)?
0
Let h(a) = 2*a + 9. Give h(-5).
-1
Let i(t) = -t**2 + 12*t - 2. What is i(8)?
30
Let m(z) = -2*z**2 + 49*z - 16. Give m(22).
94
Let s(i) = -6*i + 66. What is s(11)?
0
Let d(y) = -y**3 - 5*y**2 - 5*y - 8. What is d(-5)?
17
Let t(v) = 3*v - 25. Calculate t(15).
20
Let a(q) = 15*q + 5. Give a(-1).
-10
Let t(m) = 3*m - 3. Give t(-3).
-12
Let l(d) = -d**2 + 2*d + 30. Determine l(-6).
-18
Let t(d) = -d**2 + 5*d + 3. Calculate t(-3).
-21
Let k(l) = -8*l + 128. Give k(16).
0
Let p(f) = -f**3 - 6*f**2 - 6*f + 3. Determine p(-5).
8
Let c(u) = -2*u**2 + 31*u + 7. Calculate c(16).
-9
Let g(j) = -2*j**3 + 18*j**2 - 28*j + 90. What is g(8)?
-6
Let j(u) = -u**3 - 5*u**2 + 9*u + 1. Calculate j(-6).
-17
Let i(l) = -l**3 + 7*l + 2. Give i(0).
2
Let c(m) = m**3 - 38*m**2 - 71. Determine c(38).
-71
Let k(u) = u**2 + 20*u - 100. Determine k(-24).
-4
Let d(m) = -m**2 + 23*m + 8. Give d(23).
8
Let p(h) = 3*h - 7. Calculate p(2).
-1
Let v(k) = -23*k - 509. Determine v(-22).
-3
Let n(c) = -2*c**3 - 2*c**2 + 1. Calculate n(1).
-3
Let x(i) = i**3 - 7*i**2 + 8*i - 3. Determine x(6).
9
Let r(k) = -7*k + 2. Determine r(-1).
9
Let u(r) = -8*r - 10. Calculate u(-2).
6
Let w(f) = 5*f - 19. Determine w(-19).
-114
Let j(r) = 2*r**3 + 12*r**2 + 5*r + 24. What is j(-6)?
-6
Let k(s) = -31*s + 126. Determine k(4).
2
Let x(n) = 83*n - 318. Calculate x(4).
14
Let p(g) = -2*g + 2. Determine p(-6).
14
Let x(q) = -19*q - 75. Determine x(-4).
1
Let y(f) = f**3 + 6*f**2 - 8*f - 7. Calculate y(-7).
0
Let c(n) = 2*n**2 + 5*n - 16. Give c(-4).
-4
Let x(h) = 15*h + 412. Calculate x(-27).
7
Let l(m) = 14*m - 310. What is l(22)?
-2
Let r(n) = n**3 - 29*n**2 - 57*n - 119. Give r(31).
36
Let a(d) = -4*d - 3. What is a(4)?
-19
Let m(s) = 29*s**3 + 6*s - 6. Determine m(1).
29
Let z(u) = -21*u - 654. Calculate z(-31).
-3
Let j(t) = -22*t**3 - 2*t**2 + t + 2. Determine j(-1).
21
Let w(p) = -33*p**3 + p**2 - 1. What is w(1)?
-33
Let o(j) = 2*j**2 - 92*j - 92. Calculate o(-1).
2
Let v(t) = -15*t + 3. Calculate v(1).
-12
Let x(p) = p**3 + 14*p**2 - 9. Determine x(-14).
-9
Let q(g) = -g**3 + 10*g**2 + 8*g + 30. Give q(11).
-3
Let y(l) = -2*l + 3. Give y(-5).
13
Let u(i) = -2*i + 9. Determine u(-8).
25
Let l(z) = -3*z**2 - 10*z. Calculate l(-3).
3
Let i(u) = u**2 + 2*u - 12. What is i(0)?
-12
Let i(m) = -5*m + 29. Determine i(7).
-6
Let q(v) = -v**3 + 13*v**2 - 34*v + 36. What is q(10)?
-4
Let m(o) = 2*o**2 + 9*o - 8. What is m(-7)?
27
Let b(l) = l**2 - 19*l + 28. Calculate b(17).
-6
Let c(o) = 50*o - 142. Calculate c(3).
8
Let l(x) = -x + 1. What is l(-8)?
9
Let z(s) = -2*s**3 - 2*s**2 - 2*s - 1. Give z(-1).
1
Let m(u) = -4*u + 4. What is m(0)?
4
Let c(r) = 5*r - 15. What is c(3)?
0
Let j(s) = s**3 - 4*s**2 - 7*s + 2. Calculate j(5).
-8
Let u(n) = 2*n**3 - 5*n**2 + 6*n - 3. Give u(2).
5
Let d(r) = r**3 + 11*r**2 - 31*r - 60. What is d(-13)?
5
Let m(k) = 2*k**3 - 8*k**2 + 15*k - 22. What is m(3)?
5
Let p(l) = -12*l + 79. What is p(7)?
-5
Let z(n) = n**2 - 8. What is z(-3)?
1
Let p(o) = o**2 + 8*o - 204. What is p(11)?
5
Let z(v) = -2*v**2 - 2*v - 3. Calculate z(-3).
-15
Let x(i) = -23*i - 2. W